{"id":362,"date":"2025-07-18T05:39:54","date_gmt":"2025-07-18T05:39:54","guid":{"rendered":"https:\/\/bikeparkthunersee.devstudio.work\/?page_id=362"},"modified":"2025-12-05T08:41:42","modified_gmt":"2025-12-05T08:41:42","slug":"trailpass","status":"publish","type":"page","link":"https:\/\/bikeparkthunersee.devstudio.work\/index.php\/trailpass\/","title":{"rendered":"Trailpass"},"content":{"rendered":"\t\t<div data-elementor-type=\"wp-page\" data-elementor-id=\"362\" class=\"elementor elementor-362\" data-elementor-post-type=\"page\">\n\t\t\t\t<div class=\"elementor-element elementor-element-8073f93 e-con-full bpt_hero-section e-flex e-con e-parent\" data-id=\"8073f93\" data-element_type=\"container\" data-settings=\"{&quot;background_background&quot;:&quot;classic&quot;}\">\n\t\t<div class=\"elementor-element elementor-element-b94545a e-flex e-con-boxed e-con e-child\" data-id=\"b94545a\" data-element_type=\"container\">\n\t\t\t\t\t<div class=\"e-con-inner\">\n\t\t<div class=\"elementor-element elementor-element-b9a4d07 e-con-full e-flex e-con e-child\" data-id=\"b9a4d07\" data-element_type=\"container\">\n\t\t\t\t<div class=\"elementor-element elementor-element-764685f elementor-widget__width-auto elementor-widget-mobile__width-inherit elementor-widget elementor-widget-heading\" data-id=\"764685f\" data-element_type=\"widget\" data-widget_type=\"heading.default\">\n\t\t\t\t\t<h5 class=\"elementor-heading-title elementor-size-default\">Trailpass und Projekte<\/h5>\t\t\t\t<\/div>\n\t\t\t\t<div class=\"elementor-element elementor-element-df559dc elementor-headline--style-highlight elementor-widget elementor-widget-animated-headline\" data-id=\"df559dc\" data-element_type=\"widget\" data-settings=\"{&quot;highlighted_text&quot;:&quot;UND UNSERE PROJEKTE &quot;,&quot;headline_style&quot;:&quot;highlight&quot;,&quot;marker&quot;:&quot;circle&quot;,&quot;loop&quot;:&quot;yes&quot;,&quot;highlight_animation_duration&quot;:1200,&quot;highlight_iteration_delay&quot;:8000}\" data-widget_type=\"animated-headline.default\">\n\t\t\t\t\t\t\t<h1 class=\"elementor-headline\">\n\t\t\t\t\t<span class=\"elementor-headline-plain-text elementor-headline-text-wrapper\">UNTERST\u00dcTZE UNS<\/span>\n\t\t\t\t<span class=\"elementor-headline-dynamic-wrapper elementor-headline-text-wrapper\">\n\t\t\t\t\t<span class=\"elementor-headline-dynamic-text elementor-headline-text-active\">UND UNSERE PROJEKTE <\/span>\n\t\t\t\t<\/span>\n\t\t\t\t<\/h1>\n\t\t\t\t\t\t<\/div>\n\t\t\t\t<div class=\"elementor-element elementor-element-ac091d3 elementor-widget__width-initial elementor-widget elementor-widget-text-editor\" data-id=\"ac091d3\" data-element_type=\"widget\" data-widget_type=\"text-editor.default\">\n\t\t\t\t\t\t\t\t\t<p>Hilf mit den Bikepark Thunersee voranzubringen. Um den den Bikepark Thunersee l\u00e4ngerfristig zu betreiben sind wir auf deine HIlfe angewiesen!<\/p>\t\t\t\t\t\t\t\t<\/div>\n\t\t\t\t<\/div>\n\t\t\t\t\t<\/div>\n\t\t\t\t<\/div>\n\t\t\t\t<\/div>\n\t\t<div class=\"elementor-element elementor-element-e516f89 e-con-full e-flex e-con e-parent\" data-id=\"e516f89\" data-element_type=\"container\" data-settings=\"{&quot;background_background&quot;:&quot;classic&quot;}\">\n\t\t<div class=\"elementor-element elementor-element-84c99bc e-flex e-con-boxed e-con e-child\" data-id=\"84c99bc\" data-element_type=\"container\">\n\t\t\t\t\t<div class=\"e-con-inner\">\n\t\t<div class=\"elementor-element elementor-element-a3d76b0 e-con-full e-flex e-con e-child\" data-id=\"a3d76b0\" data-element_type=\"container\">\n\t\t\t\t<div class=\"elementor-element elementor-element-36fe718 elementor-widget elementor-widget-heading\" data-id=\"36fe718\" data-element_type=\"widget\" data-widget_type=\"heading.default\">\n\t\t\t\t\t<h2 class=\"elementor-heading-title elementor-size-default\">HAST DU DEINEN TRAILPASS GEL\u00d6ST?<\/h2>\t\t\t\t<\/div>\n\t\t\t\t<div class=\"elementor-element elementor-element-64f3cab elementor-widget__width-initial elementor-widget-tablet__width-inherit elementor-widget-mobile__width-inherit elementor-widget elementor-widget-text-editor\" data-id=\"64f3cab\" data-element_type=\"widget\" data-widget_type=\"text-editor.default\">\n\t\t\t\t\t\t\t\t\t<p>Nur mit deiner Unterst\u00fctzung k\u00f6nnen wir den Betrieb, den Unterhalt und die Weiterentwicklung des Bikeparks Thunersee sichern!<\/p>\t\t\t\t\t\t\t\t<\/div>\n\t\t\t\t<\/div>\n\t\t<div class=\"elementor-element elementor-element-68bb138 e-con-full e-flex e-con e-child\" data-id=\"68bb138\" data-element_type=\"container\">\n\t\t\t\t<div class=\"elementor-element elementor-element-aade879 elementor-widget__width-initial cstm-counter elementor-widget elementor-widget-counter\" data-id=\"aade879\" data-element_type=\"widget\" data-widget_type=\"counter.default\">\n\t\t\t\t\t\t\t<div class=\"elementor-counter\">\n\t\t\t<div class=\"elementor-counter-title\">Stunden Unterhaltsarbeiten an den Trails<\/div>\t\t\t<div class=\"elementor-counter-number-wrapper\">\n\t\t\t\t<span class=\"elementor-counter-number-prefix\"><\/span>\n\t\t\t\t<span class=\"elementor-counter-number\" data-duration=\"1000\" data-to-value=\"1000\" data-from-value=\"0\" data-delimiter=\",\">0<\/span>\n\t\t\t\t<span class=\"elementor-counter-number-suffix\"><\/span>\n\t\t\t<\/div>\n\t\t<\/div>\n\t\t\t\t\t\t<\/div>\n\t\t\t\t<div class=\"elementor-element elementor-element-ec89ae5 elementor-widget__width-initial cstm-counter elementor-widget elementor-widget-counter\" data-id=\"ec89ae5\" data-element_type=\"widget\" data-widget_type=\"counter.default\">\n\t\t\t\t\t\t\t<div class=\"elementor-counter\">\n\t\t\t<div class=\"elementor-counter-title\">Stunden Planungs und Weiterentwicklungsarbeit<\/div>\t\t\t<div class=\"elementor-counter-number-wrapper\">\n\t\t\t\t<span class=\"elementor-counter-number-prefix\"><\/span>\n\t\t\t\t<span class=\"elementor-counter-number\" data-duration=\"1000\" data-to-value=\"150\" data-from-value=\"0\" data-delimiter=\",\">0<\/span>\n\t\t\t\t<span class=\"elementor-counter-number-suffix\"><\/span>\n\t\t\t<\/div>\n\t\t<\/div>\n\t\t\t\t\t\t<\/div>\n\t\t\t\t<div class=\"elementor-element elementor-element-fb854f7 elementor-widget__width-initial cstm-counter elementor-widget elementor-widget-counter\" data-id=\"fb854f7\" data-element_type=\"widget\" data-widget_type=\"counter.default\">\n\t\t\t\t\t\t\t<div class=\"elementor-counter\">\n\t\t\t<div class=\"elementor-counter-title\">Stunden Koordination und Kommunikationsarbeit<\/div>\t\t\t<div class=\"elementor-counter-number-wrapper\">\n\t\t\t\t<span class=\"elementor-counter-number-prefix\"><\/span>\n\t\t\t\t<span class=\"elementor-counter-number\" data-duration=\"1000\" data-to-value=\"400\" data-from-value=\"0\" data-delimiter=\",\">0<\/span>\n\t\t\t\t<span class=\"elementor-counter-number-suffix\"><\/span>\n\t\t\t<\/div>\n\t\t<\/div>\n\t\t\t\t\t\t<\/div>\n\t\t\t\t<\/div>\n\t\t<div class=\"elementor-element elementor-element-2dd31e0 e-con-full e-flex e-con e-child\" data-id=\"2dd31e0\" data-element_type=\"container\">\n\t\t\t\t<div class=\"elementor-element elementor-element-193d68e elementor-widget elementor-widget-text-editor\" data-id=\"193d68e\" data-element_type=\"widget\" data-widget_type=\"text-editor.default\">\n\t\t\t\t\t\t\t\t\t<p>So viel Zeit investieren wir jedes Jahr in den Bikepark Thunersee. Ein grosser Teil dieser Stunden wird durch den Trailpass finanziert \u2013 darum ist es Ehrensache, dass alle, die unsere Trails nutzen, auch einen Trailpass l\u00f6sen. Jeder Trailpass z\u00e4hlt! Mit deinem Beitrag stellst du sicher, dass der Bikepark Thunersee l\u00e4ngerfristig und nachhaltig betrieben werden kann.<\/p>\t\t\t\t\t\t\t\t<\/div>\n\t\t\t\t<div class=\"elementor-element elementor-element-6712d0a elementor-widget elementor-widget-button\" data-id=\"6712d0a\" data-element_type=\"widget\" data-widget_type=\"button.default\">\n\t\t\t\t\t\t\t\t\t\t<a class=\"elementor-button elementor-button-link elementor-size-sm\" href=\"#\">\n\t\t\t\t\t\t<span class=\"elementor-button-content-wrapper\">\n\t\t\t\t\t\t<span class=\"elementor-button-icon\">\n\t\t\t\t<svg xmlns=\"http:\/\/www.w3.org\/2000\/svg\" width=\"15\" height=\"14\" viewBox=\"0 0 15 14\" fill=\"none\"><g clip-path=\"url(#clip0_9_428)\"><path d=\"M13.9615 0H1.03846C0.741231 0 0.5 0.241231 0.5 0.538462C0.5 0.835692 0.741231 1.07692 1.03846 1.07692H12.6614L0.657769 13.0808C0.4475 13.2911 0.4475 13.632 0.657769 13.8422C0.763038 13.9475 0.900615 14 1.03846 14C1.17631 14 1.31415 13.9475 1.41915 13.8422L13.4231 1.83831V13.4615C13.4231 13.7588 13.6643 14 13.9615 14C14.2588 14 14.5 13.7588 14.5 13.4615V0.538462C14.5 0.241231 14.2588 0 13.9615 0Z\" fill=\"white\"><\/path><\/g><defs><clipPath id=\"clip0_9_428\"><rect width=\"14\" height=\"14\" fill=\"white\" transform=\"translate(0.5)\"><\/rect><\/clipPath><\/defs><\/svg>\t\t\t<\/span>\n\t\t\t\t\t\t\t\t\t<span class=\"elementor-button-text\">jetzt Trailpass l\u00f6sen!<\/span>\n\t\t\t\t\t<\/span>\n\t\t\t\t\t<\/a>\n\t\t\t\t\t\t\t\t<\/div>\n\t\t\t\t<\/div>\n\t\t\t\t\t<\/div>\n\t\t\t\t<\/div>\n\t\t\t\t<\/div>\n\t\t<div class=\"elementor-element elementor-element-28064a0 e-con-full e-flex e-con e-parent\" data-id=\"28064a0\" data-element_type=\"container\" data-settings=\"{&quot;background_background&quot;:&quot;gradient&quot;}\">\n\t\t<div class=\"elementor-element elementor-element-6a0fced e-flex e-con-boxed e-con e-child\" data-id=\"6a0fced\" data-element_type=\"container\">\n\t\t\t\t\t<div class=\"e-con-inner\">\n\t\t<div class=\"elementor-element elementor-element-57bdae2 e-con-full e-flex e-con e-child\" data-id=\"57bdae2\" data-element_type=\"container\" data-settings=\"{&quot;sticky&quot;:&quot;top&quot;,&quot;sticky_offset&quot;:50,&quot;sticky_parent&quot;:&quot;yes&quot;,&quot;sticky_on&quot;:[&quot;desktop&quot;,&quot;laptop&quot;],&quot;sticky_effects_offset&quot;:0,&quot;sticky_anchor_link_offset&quot;:0}\">\n\t\t\t\t<div class=\"elementor-element elementor-element-419ea4f elementor-widget elementor-widget-heading\" data-id=\"419ea4f\" data-element_type=\"widget\" data-widget_type=\"heading.default\">\n\t\t\t\t\t<h2 class=\"elementor-heading-title elementor-size-default\">HAST DU DEINEN TRAILPASS GEL\u00d6ST?<\/h2>\t\t\t\t<\/div>\n\t\t\t\t<div class=\"elementor-element elementor-element-7c1930d elementor-widget__width-initial elementor-widget-mobile__width-inherit elementor-widget elementor-widget-text-editor\" data-id=\"7c1930d\" data-element_type=\"widget\" data-widget_type=\"text-editor.default\">\n\t\t\t\t\t\t\t\t\t<p>Nur mit deiner Unterst\u00fctzung k\u00f6nnen wir den Betrieb, den Unterhalt und die Weiterentwicklung des Bikeparks Thunersee sichern!<\/p>\t\t\t\t\t\t\t\t<\/div>\n\t\t\t\t<\/div>\n\t\t<div class=\"elementor-element elementor-element-b1363b1 e-con-full e-flex e-con e-child\" data-id=\"b1363b1\" data-element_type=\"container\">\n\t\t\t\t<div class=\"elementor-element elementor-element-9112c32 elementor-widget__width-inherit elementor-widget elementor-widget-html\" data-id=\"9112c32\" data-element_type=\"widget\" data-widget_type=\"html.default\">\n\t\t\t\t\t<iframe src=\"https:\/\/donate.raisenow.io\/gvypz?analytics.channel=embed\" allow=\"payment\" sandbox=\"allow-forms allow-modals allow-pointer-lock allow-popups allow-popups-to-escape-sandbox allow-same-origin allow-scripts allow-top-navigation allow-top-navigation-to-custom-protocols\" style=\"width: 100%; border: none; background-color: rgb(255, 255, 255); height: 1936px;\"><\/iframe>\t\t\t\t<\/div>\n\t\t\t\t<\/div>\n\t\t\t\t\t<\/div>\n\t\t\t\t<\/div>\n\t\t\t\t<\/div>\n\t\t<div class=\"elementor-element elementor-element-6b9665d e-flex e-con-boxed e-con e-parent\" data-id=\"6b9665d\" data-element_type=\"container\" data-settings=\"{&quot;background_background&quot;:&quot;classic&quot;}\">\n\t\t\t\t\t<div class=\"e-con-inner\">\n\t\t<div class=\"elementor-element elementor-element-4d4fa66 e-flex e-con-boxed e-con e-child\" data-id=\"4d4fa66\" data-element_type=\"container\">\n\t\t\t\t\t<div class=\"e-con-inner\">\n\t\t<div class=\"elementor-element elementor-element-eb6495f e-con-full e-flex e-con e-child\" data-id=\"eb6495f\" data-element_type=\"container\">\n\t\t\t\t<div class=\"elementor-element elementor-element-a959ba0 elementor-widget elementor-widget-heading\" data-id=\"a959ba0\" data-element_type=\"widget\" data-widget_type=\"heading.default\">\n\t\t\t\t\t<h2 class=\"elementor-heading-title elementor-size-default\">WAS STEHT IN DER PIPELINE<\/h2>\t\t\t\t<\/div>\n\t\t\t\t<div class=\"elementor-element elementor-element-94f5d35 elementor-widget elementor-widget-text-editor\" data-id=\"94f5d35\" data-element_type=\"widget\" data-widget_type=\"text-editor.default\">\n\t\t\t\t\t\t\t\t\t<div class=\"wpb_text_column wpb_content_element \"><div class=\"wpb_wrapper\"><p>In den letzten Jahren haben wir hinter den Kulissen fleissig am Ausbau des Bikeparks Thunersee get\u00fcftelt. Dieses Jahr ist es endlich so weit: Einige unserer Projekte gehen in die Umsetzung! Wir k\u00f6nnen es kaum erwarten, sie euch vorzustellen \u2013 Im Folgenden wollen wir euch unsere\u00a0neuen Projekte n\u00e4herbringen.<span style=\"font-size: 18.9px;\">\u00a0<\/span><\/p><\/div><\/div>\t\t\t\t\t\t\t\t<\/div>\n\t\t\t\t<\/div>\n\t\t<div class=\"elementor-element elementor-element-f7129b2 e-con-full e-flex e-con e-child\" data-id=\"f7129b2\" data-element_type=\"container\" data-settings=\"{&quot;background_background&quot;:&quot;classic&quot;}\">\n\t\t\t\t<div class=\"elementor-element elementor-element-33ec9c3 elementor-widget elementor-widget-heading\" data-id=\"33ec9c3\" data-element_type=\"widget\" data-widget_type=\"heading.default\">\n\t\t\t\t\t<h2 class=\"elementor-heading-title elementor-size-default\">Wir investieren in den n\u00e4chsten Jahren \u00fcber<\/h2>\t\t\t\t<\/div>\n\t\t<div class=\"elementor-element elementor-element-c1eecb4 e-con-full e-flex e-con e-child\" data-id=\"c1eecb4\" data-element_type=\"container\">\n\t\t\t\t<div class=\"elementor-element elementor-element-6f1b330 elementor-widget__width-initial cstm-counter elementor-widget elementor-widget-counter\" data-id=\"6f1b330\" data-element_type=\"widget\" data-widget_type=\"counter.default\">\n\t\t\t\t\t\t\t<div class=\"elementor-counter\">\n\t\t\t\t\t\t<div class=\"elementor-counter-number-wrapper\">\n\t\t\t\t<span class=\"elementor-counter-number-prefix\">CHF <\/span>\n\t\t\t\t<span class=\"elementor-counter-number\" data-duration=\"1000\" data-to-value=\"1500000\" data-from-value=\"0\" data-delimiter=\"&#039;\">0<\/span>\n\t\t\t\t<span class=\"elementor-counter-number-suffix\"><\/span>\n\t\t\t<\/div>\n\t\t<\/div>\n\t\t\t\t\t\t<\/div>\n\t\t\t\t<\/div>\n\t\t\t\t<\/div>\n\t\t\t\t<div class=\"elementor-element elementor-element-60fd57c elementor-widget elementor-widget-text-editor\" data-id=\"60fd57c\" data-element_type=\"widget\" data-widget_type=\"text-editor.default\">\n\t\t\t\t\t\t\t\t\t<div class=\"wpb_text_column wpb_content_element \"><div class=\"wpb_wrapper\"><p data-end=\"350\" data-start=\"96\">Konkret bedeutet das, dass wir mit dem Bau der neuen Projekte erst beginnen k\u00f6nnen, wenn eine bestimmte Anzahl an Trailp\u00e4ssen verkauft ist. Unser Ziel: Bis Ende August 2025 wollen wir die Anzahl der Trailpass-Inhaber:innen von aktuell 700 auf 1500 steigern.<\/p><p data-end=\"608\" data-start=\"352\">Wie ihr dabei helfen k\u00f6nnt? Falls ihr noch keinen Trailpass habt, ist jetzt der perfekte Zeitpunkt, euch einen zuzulegen! Oder ihr \u00fcberzeugt einfach eure Bike-Buddys davon, wie viele coole Projekte wir umsetzen wollen, bis auch sie ihren Trailpass l\u00f6sen.<\/p><p data-end=\"608\" data-start=\"352\">Wir werden euch regelm\u00e4ssig \u00fcber den aktuellen Stand der Trailpass-Zahlen auf dem Laufenden halten und mit spannenden Einblicken sowie Details zu den anstehenden Projekten versorgen. Wir danken euch schon jetzt f\u00fcr euer Engagement und freuen uns darauf, den Bikepark Thunersee gemeinsam weiter voranzubringen.<\/p><\/div><\/div><div class=\"vc_empty_space\">\u00a0<\/div>\t\t\t\t\t\t\t\t<\/div>\n\t\t\t\t<div class=\"elementor-element elementor-element-5a3693f elementor-widget elementor-widget-image\" data-id=\"5a3693f\" data-element_type=\"widget\" data-widget_type=\"image.default\">\n\t\t\t\t\t\t\t\t\t\t\t\t\t\t\t<img fetchpriority=\"high\" decoding=\"async\" width=\"800\" height=\"292\" src=\"https:\/\/bikeparkthunersee.devstudio.work\/wp-content\/uploads\/2025\/07\/BPT_trailpass-img-1-1-1024x374.png\" class=\"attachment-large size-large wp-image-761 not-transparent\" alt=\"\" srcset=\"https:\/\/bikeparkthunersee.devstudio.work\/wp-content\/uploads\/2025\/07\/BPT_trailpass-img-1-1-1024x374.png 1024w, https:\/\/bikeparkthunersee.devstudio.work\/wp-content\/uploads\/2025\/07\/BPT_trailpass-img-1-1-300x110.png 300w, https:\/\/bikeparkthunersee.devstudio.work\/wp-content\/uploads\/2025\/07\/BPT_trailpass-img-1-1-768x280.png 768w, https:\/\/bikeparkthunersee.devstudio.work\/wp-content\/uploads\/2025\/07\/BPT_trailpass-img-1-1.png 1200w\" sizes=\"(max-width: 800px) 100vw, 800px\" data-has-transparency=\"false\" data-dominant-color=\"544f3b\" style=\"--dominant-color: #544f3b\" \/>\t\t\t\t\t\t\t\t\t\t\t\t\t\t\t<\/div>\n\t\t\t\t\t<\/div>\n\t\t\t\t<\/div>\n\t\t\t\t\t<\/div>\n\t\t\t\t<\/div>\n\t\t<div class=\"elementor-element elementor-element-5c3841f e-con-full e-flex e-con e-parent\" data-id=\"5c3841f\" data-element_type=\"container\">\n\t\t<div class=\"elementor-element elementor-element-26000ca e-con-full e-flex e-con e-child\" data-id=\"26000ca\" data-element_type=\"container\" data-settings=\"{&quot;background_background&quot;:&quot;gradient&quot;}\">\n\t\t<div class=\"elementor-element elementor-element-1572468 e-flex e-con-boxed e-con e-child\" data-id=\"1572468\" data-element_type=\"container\">\n\t\t\t\t\t<div class=\"e-con-inner\">\n\t\t<div class=\"elementor-element elementor-element-98d1e32 e-con-full e-flex e-con e-child\" data-id=\"98d1e32\" data-element_type=\"container\">\n\t\t\t\t<div class=\"elementor-element elementor-element-cc0ea02 elementor-widget elementor-widget-heading\" data-id=\"cc0ea02\" data-element_type=\"widget\" data-widget_type=\"heading.default\">\n\t\t\t\t\t<h2 class=\"elementor-heading-title elementor-size-default\">Wof\u00fcr wir deine Unterst\u00fctzung brauchen?<\/h2>\t\t\t\t<\/div>\n\t\t\t\t<div class=\"elementor-element elementor-element-38eae8d elementor-widget__width-initial elementor-widget-tablet__width-inherit elementor-widget elementor-widget-text-editor\" data-id=\"38eae8d\" data-element_type=\"widget\" data-widget_type=\"text-editor.default\">\n\t\t\t\t\t\t\t\t\t<p>In den letzten Jahren haben wir hinter den Kulissen fleissig am Ausbau des Bikeparks Thunersee get\u00fcftelt. Dieses Jahr ist es endlich so weit: Einige unserer Projekte gehen in die Umsetzung!<\/p>\t\t\t\t\t\t\t\t<\/div>\n\t\t\t\t<div class=\"elementor-element elementor-element-5266930 elementor-widget__width-initial elementor-widget-tablet__width-inherit elementor-widget elementor-widget-text-editor\" data-id=\"5266930\" data-element_type=\"widget\" data-widget_type=\"text-editor.default\">\n\t\t\t\t\t\t\t\t\t<p>Momentan k\u00f6nnen wir den Betrieb und Unterhalt unserer bestehenden Anlagen mit den bestehenden Trailp\u00e4ssen abdecken. Damit wir aber zuk\u00fcnftig die neuen Anlagen l\u00e4ngerfristig betreiben und unterhalten k\u00f6nnen sind wir darauf angewiesen das unsere Trailpass verk\u00e4ufe ansteigen.<\/p>\t\t\t\t\t\t\t\t<\/div>\n\t\t\t\t<\/div>\n\t\t<div class=\"elementor-element elementor-element-d0c2a01 e-con-full e-flex e-con e-child\" data-id=\"d0c2a01\" data-element_type=\"container\">\n\t\t\t\t<div class=\"elementor-element elementor-element-b565658 elementor-widget elementor-widget-heading\" data-id=\"b565658\" data-element_type=\"widget\" data-widget_type=\"heading.default\">\n\t\t\t\t\t<h2 class=\"elementor-heading-title elementor-size-default\">Aufwand nach Umsetzung der neuen Anlagen<\/h2>\t\t\t\t<\/div>\n\t\t<div class=\"elementor-element elementor-element-ba5f5ac e-con-full e-flex e-con e-child\" data-id=\"ba5f5ac\" data-element_type=\"container\">\n\t\t\t\t<div class=\"elementor-element elementor-element-22e5caf elementor-widget__width-initial cstm-counter elementor-widget elementor-widget-counter\" data-id=\"22e5caf\" data-element_type=\"widget\" data-widget_type=\"counter.default\">\n\t\t\t\t\t\t\t<div class=\"elementor-counter\">\n\t\t\t<div class=\"elementor-counter-title\">Stunden Unterhaltsarbeiten an den Trails<\/div>\t\t\t<div class=\"elementor-counter-number-wrapper\">\n\t\t\t\t<span class=\"elementor-counter-number-prefix\"><\/span>\n\t\t\t\t<span class=\"elementor-counter-number\" data-duration=\"1000\" data-to-value=\"1800\" data-from-value=\"0\" data-delimiter=\",\">0<\/span>\n\t\t\t\t<span class=\"elementor-counter-number-suffix\"><\/span>\n\t\t\t<\/div>\n\t\t<\/div>\n\t\t\t\t\t\t<\/div>\n\t\t\t\t<div class=\"elementor-element elementor-element-8d2e1e2 elementor-widget__width-initial cstm-counter elementor-widget elementor-widget-counter\" data-id=\"8d2e1e2\" data-element_type=\"widget\" data-widget_type=\"counter.default\">\n\t\t\t\t\t\t\t<div class=\"elementor-counter\">\n\t\t\t<div class=\"elementor-counter-title\">Stunden Koordination und Kommunikationsarbeit<\/div>\t\t\t<div class=\"elementor-counter-number-wrapper\">\n\t\t\t\t<span class=\"elementor-counter-number-prefix\"><\/span>\n\t\t\t\t<span class=\"elementor-counter-number\" data-duration=\"1000\" data-to-value=\"150\" data-from-value=\"0\" data-delimiter=\",\">0<\/span>\n\t\t\t\t<span class=\"elementor-counter-number-suffix\"><\/span>\n\t\t\t<\/div>\n\t\t<\/div>\n\t\t\t\t\t\t<\/div>\n\t\t\t\t<div class=\"elementor-element elementor-element-f2c1c4b elementor-widget__width-initial cstm-counter elementor-widget elementor-widget-counter\" data-id=\"f2c1c4b\" data-element_type=\"widget\" data-widget_type=\"counter.default\">\n\t\t\t\t\t\t\t<div class=\"elementor-counter\">\n\t\t\t<div class=\"elementor-counter-title\">Hours of coordination and communication work<\/div>\t\t\t<div class=\"elementor-counter-number-wrapper\">\n\t\t\t\t<span class=\"elementor-counter-number-prefix\"><\/span>\n\t\t\t\t<span class=\"elementor-counter-number\" data-duration=\"1000\" data-to-value=\"400\" data-from-value=\"0\" data-delimiter=\",\">0<\/span>\n\t\t\t\t<span class=\"elementor-counter-number-suffix\"><\/span>\n\t\t\t<\/div>\n\t\t<\/div>\n\t\t\t\t\t\t<\/div>\n\t\t\t\t<\/div>\n\t\t\t\t<\/div>\n\t\t<div class=\"elementor-element elementor-element-08fc148 e-con-full e-flex e-con e-child\" data-id=\"08fc148\" data-element_type=\"container\">\n\t\t\t\t<div class=\"elementor-element elementor-element-dae7890 elementor-widget elementor-widget-heading\" data-id=\"dae7890\" data-element_type=\"widget\" data-widget_type=\"heading.default\">\n\t\t\t\t\t<h2 class=\"elementor-heading-title elementor-size-default\">Unser Ziel:<\/h2>\t\t\t\t<\/div>\n\t\t<div class=\"elementor-element elementor-element-c2af632 e-con-full e-flex e-con e-child\" data-id=\"c2af632\" data-element_type=\"container\">\n\t\t\t\t<div class=\"elementor-element elementor-element-03aec48 BPT_progress-bar elementor-widget elementor-widget-progress\" data-id=\"03aec48\" data-element_type=\"widget\" data-widget_type=\"progress.default\">\n\t\t\t\t\t\t\t\t<span class=\"elementor-title\" id=\"elementor-progress-bar-03aec48\">\n\t\t\t\tverkaufte Trailp\u00e4sse: 750 von 1500\t\t\t\t\t\t<\/span>\n\t\t\n\t\t<div aria-labelledby=\"elementor-progress-bar-03aec48\" class=\"elementor-progress-wrapper\" role=\"progressbar\" aria-valuemin=\"0\" aria-valuemax=\"100\" aria-valuenow=\"50\">\n\t\t\t<div class=\"elementor-progress-bar\" data-max=\"50\">\n\t\t\t\t<span class=\"elementor-progress-text\"><\/span>\n\t\t\t\t\t\t\t\t\t<span class=\"elementor-progress-percentage\">50%<\/span>\n\t\t\t\t\t\t\t<\/div>\n\t\t<\/div>\n\t\t\t\t\t\t<\/div>\n\t\t\t\t<div class=\"elementor-element elementor-element-ad7702f elementor-widget elementor-widget-text-editor\" data-id=\"ad7702f\" data-element_type=\"widget\" data-widget_type=\"text-editor.default\">\n\t\t\t\t\t\t\t\t\t<p>Um den Mehraufwand an Stunden decken zu k\u00f6nnen sind wir darauf angewiesen im idealfall 1500 Trailpass verk\u00e4ufe vorweisen zu k\u00f6nnen.\u00a0<\/p>\t\t\t\t\t\t\t\t<\/div>\n\t\t\t\t<\/div>\n\t\t\t\t<\/div>\n\t\t\t\t\t<\/div>\n\t\t\t\t<\/div>\n\t\t\t\t<\/div>\n\t\t\t\t<\/div>\n\t\t\t\t<\/div>\n\t\t","protected":false},"excerpt":{"rendered":"<p>Trailpass und Projekte UNTERST\u00dcTZE UNS UND UNSERE PROJEKTE Hilf mit den Bikepark Thunersee voranzubringen. Um den den Bikepark Thunersee l\u00e4ngerfristig zu betreiben sind wir auf deine HIlfe angewiesen! HAST DU DEINEN TRAILPASS GEL\u00d6ST? Nur mit deiner Unterst\u00fctzung k\u00f6nnen wir den Betrieb, den Unterhalt und die Weiterentwicklung des Bikeparks Thunersee sichern! Stunden Unterhaltsarbeiten an den Trails [&hellip;]<\/p>\n","protected":false},"author":1,"featured_media":0,"parent":0,"menu_order":0,"comment_status":"closed","ping_status":"closed","template":"elementor_header_footer","meta":{"_acf_changed":false,"inline_featured_image":false,"footnotes":""},"class_list":["post-362","page","type-page","status-publish","hentry"],"acf":[],"_links":{"self":[{"href":"https:\/\/bikeparkthunersee.devstudio.work\/index.php\/wp-json\/wp\/v2\/pages\/362","targetHints":{"allow":["GET"]}}],"collection":[{"href":"https:\/\/bikeparkthunersee.devstudio.work\/index.php\/wp-json\/wp\/v2\/pages"}],"about":[{"href":"https:\/\/bikeparkthunersee.devstudio.work\/index.php\/wp-json\/wp\/v2\/types\/page"}],"author":[{"embeddable":true,"href":"https:\/\/bikeparkthunersee.devstudio.work\/index.php\/wp-json\/wp\/v2\/users\/1"}],"replies":[{"embeddable":true,"href":"https:\/\/bikeparkthunersee.devstudio.work\/index.php\/wp-json\/wp\/v2\/comments?post=362"}],"version-history":[{"count":178,"href":"https:\/\/bikeparkthunersee.devstudio.work\/index.php\/wp-json\/wp\/v2\/pages\/362\/revisions"}],"predecessor-version":[{"id":3851,"href":"https:\/\/bikeparkthunersee.devstudio.work\/index.php\/wp-json\/wp\/v2\/pages\/362\/revisions\/3851"}],"wp:attachment":[{"href":"https:\/\/bikeparkthunersee.devstudio.work\/index.php\/wp-json\/wp\/v2\/media?parent=362"}],"curies":[{"name":"wp","href":"https:\/\/api.w.org\/{rel}","templated":true}]}}